*c + 1/120*c**6 + 2/3*c**4 + 11/6*c**3 - 1/15*c**5 + 7*c**2. Is u(10) a prime number?
False
Let f(z) be the third derivative of -z**4/24 + 2*z**3/3 - 13*z**2. Let c be f(5). Let o(j) = -341*j - 4. Is o(c) a composite number?
False
Suppose -t + 267403 + 65929 = 3*z, -5*t = -2*z - 1666609. Is t a composite number?
False
Let r(k) = k**2 - 3*k + 4. Let w be r(0). Suppose g + 7*b = 4*b + 14692, w*b = -g + 14691. Is g composite?
True
Suppose -y + 192 = 3*y. Suppose 3*w = 12, 4*z = -z + 2*w - y. Let r(h) = -79*h - 19. Is r(z) a prime number?
True
Let g = -220541 + 348778. Is g a composite number?
False
Let m(i) = i**3 + 22*i**2 + 2*i + 31. Suppose 16*d - 14*d = -44. Let y be m(d). Is 1/(-1) - 14*y a composite number?
False
Let k(y) = 5*y. Let w be k(-5). Let g be -3 + w/(20/(-4)). Suppose -5*q + 434 = x, q + 1358 = 3*x + g*q. Is x prime?
False
Suppose -46*z + 22*z + 2979 = -34437. Is z a prime number?
True
Suppose -l - 10*k + 259857 = 0, 360728 = l + 5*k + 100866. Is l a prime number?
True
Suppose -2*r - 5*c = -37411, -4*c + 18424 - 74506 = -3*r. Let m = r + -5539. Is m a composite number?
False
Let k(x) = -451*x - 4. Let j be (-225)/(-63) - (-3)/7. Suppose -10*u - j = -8*u. Is k(u) a composite number?
True
Suppose 0 = -o - 622 - 278. Suppose -5*d + 6464 = -2*p + 5*p, 2*d = -p + 2585. Let y = d + o. Is y a prime number?
False
Suppose 42*a - 29146785 = 1056418 + 22788071. Is a prime?
True
Suppose 3*u + f + 56676 - 1028801 = 0, 3*u - 2*f = 972119. Is u a prime number?
False
Suppose 2*f + 3*l = 6*l - 10594, -f + 2*l - 5295 = 0. Let r = -1326 - f. Is r prime?
False
Suppose 2833706 = 1288*z - 1230*z. Is z a composite number?
False
Let i(t) = 2237*t**2 - 188*t + 1575. Is i(8) a composite number?
False
Is 6/10 - (26 + (-285246)/115) a composite number?
True
Let w(y) be the first derivative of 62*y**3/3 - 13*y**2/2 + 4*y - 11. Let c be w(-9). Suppose -13*l = -45560 + c. Is l a prime number?
True
Suppose 0 = 2*w + 6*w - 32. Suppose 0*y - 2*y + 4*o = -28, -3*y - w*o - 8 = 0. Is (0 - -1847)/(y + -3) prime?
True
Let c(p) = p**2 - 4*p - 7. Let s be c(-5). Let h = -35 + s. Suppose -2*n - j = -0*j - 529, h*j = -5*n + 1324. Is n composite?
False
Let q = 856 - 1580. Let l = 2525 + q. Is l a prime number?
True
Let v be -139*(-60)/(4 - -2). Suppose -31827 = -3*g + j + v, -44272 = -4*g - 3*j. Is g a composite number?
False
Let i = 159958 + -50729. Is i a prime number?
True
Let y = 173 - 173. Suppose -5*h + 1490 = 5*a - y*h, 5*h + 854 = 3*a. Is a a composite number?
False
Suppose -18*x + 15*x + 3*t = -15, -4*t = x - 25. Suppose 3*k - x*d - 30246 = -12*d, -2*k = -5*d - 20157. Is k a composite number?
True
Suppose -4*f + 16 = -x, -x - 2*f + 14 = -0*x. Suppose x*p = -p + 10. Suppose 2*z - 10 = 0, 926 = p*k + z + 191. Is k a composite number?
True
Suppose v = z + 152747, 3*v + 23*z - 458229 = 24*z. Is v prime?
False
Suppose c - 9 = -8, 0 = -3*h - 2*c + 575. Suppose 0 = -m + 2*a + h, m - a + 2*a = 182. Is m prime?
False
Suppose 580*x = 487688335 + 29919325. Is x a prime number?
False
Let v = -150 - -158. Suppose 3*u + 4*j + 6591 = v*u, 0 = -u + 4*j + 1315. Is u a prime number?
True
Let j = -581 + 1088. Let h = 798 - j. Is h a prime number?
False
Suppose 2*g - 4*y + 406 = 0, -3*g - 5*y - 320 = 245. Let f = 2476 - g. Is f prime?
True
Suppose -5*v = x - 12034, v - 2410 = -28*x + 31*x. Suppose i + 2*a = 2271, -5*i + 3*a = -v - 8922. Is i a prime number?
True
Suppose -69 - 363 = -9*x. Suppose -x*h = -50*h + 3466. Is h a composite number?
False
Let b be 3148/((-6)/(-9)*3). Suppose 6*u - b = 4*u. Is u prime?
True
Let k = -11 - -23. Suppose 9*m - k*m = -873. Let i = m - 32. Is i prime?
False
Let d(c) = -21363*c - 2828. Is d(-7) composite?
True
Let m(r) be the first derivative of 64*r**3/3 + 3*r**2 + 5*r - 134. Is m(-16) a composite number?
True
Suppose 0 = -41*w + 24*w + 89981. Is w a prime number?
False
Let d(y) = -32*y**3 + 2*y**2 + 6*y + 4. Let g be d(-5). Let q = g - -1899. Is q a prime number?
True
Suppose 0 = -3*v - 9*u + 7*u + 18081, -u = 0. Let c = v - 1138. Is c composite?
False
Let c(r) = 16*r**2 - 185*r - 62. Let p be c(12). Let y = 45 + 2. Let k = p + y. Is k composite?
True
Let v(d) = 296*d**2 - 10*d + 21. Suppose -5*r - 4 = -6*r. Is v(r) composite?
True
Let o(h) = -h**3 + 9*h**2 - 18*h - 10. Let a be o(5). Suppose a*u - 3*u = -10911. Is u a composite number?
False
Suppose -14 - 2 = 2*k. Let a be (32/k)/((-2)/242). Let m = -155 + a. Is m prime?
False
Suppose -10*a = -18*a + 237688. Suppose -9*n = -a - 17098. Is n a composite number?
True
Let v(k) = 165*k**2 - 383*k + 13. Is v(-12) prime?
False
Suppose g = 5*t + 59158 + 29150, 0 = t - 2. Is g prime?
False
Suppose -5302430 - 4760839 = -19*l - 1943486. Is l prime?
False
Suppose 218949 = 39*p - 298620. Is p composite?
True
Suppose 17*y = 45 - 11. Suppose j + 42481 + 33786 = 5*v, y = -j. Is v a composite number?
True
Let s(o) = o - 1. Let a be s(-5). Let i(m) be the third derivative of m**5/5 - m**4/6 + m**3/6 + 279*m**2 + 4. Is i(a) prime?
True
Let p(g) be the second derivative of -1/20*g**5 + 7/6*g**3 + 16*g + 0 + 3/2*g**2 - 1/6*g**4. Is p(-8) prime?
True
Let x(j) = -628*j**3 + j**2 + 58*j + 12. Let i be x(-13). Suppose -50*a + i = 308393. Is a a prime number?
False
Let g be 17/5 - (-5)/75*9. Suppose g*l + 3*n - 6924 = l, -4*l + n = -9237. Is l composite?
False
Let z = -31839 - -48094. Is z a prime number?
False
Let m(z) = 7*z**2 - 13*z + 21. Let a be 1*(-4 + (-9)/(-3)). Let p(r) = -22*r**2 + 2*r + 2. Let l be p(a). Is m(l) composite?
True
Let b(a) be the first derivative of 320*a**2 + 89*a + 128. Is b(12) a prime number?
False
Suppose -6 = -116*s + 113*s. Suppose -2*d - 4 = 2*f + 3*d, 4*f + s*d = 24. Suppose f*j - 3*j = 16945. Is j composite?
False
Let q = -310 + 306. Is ((-30)/(-24) - 29671/q)*1 composite?
True
Is 7/4 + 612/144 + 148983 a prime number?
False
Suppose 112 = -5*i - 0*r - r, i = -2*r - 26. Let x = 20 + i. Is (9938/(-4) + -6)*4/x a composite number?
True
Suppose -122*p + 24973658 - 4686400 = 0. Is p prime?
True
Suppose -3*q - 27 = 39. Let k = q + 190. Let t = 313 - k. Is t a prime number?
False
Suppose 2969974 + 4098274 = 88*v. Is v prime?
False
Let j(c) = 11*c + 19. Let d be j(-2). Let w(x) = -6*x**3 + 5*x - 2. Let y(t) = -5*t**3 + t**2 + 6*t - 3. Let s(r) = d*y(r) + 4*w(r). Is s(-4) prime?
True
Is 9743184/57 + 89/(-1691) a prime number?
False
Suppose 137*h = 96*h + 1319257. Is h a prime number?
False
Is (1/(-2))/(((-45)/243240)/(237/4)) a composite number?
True
Let p = -12371 + 26214. Is p a prime number?
False
Let g(r) = -25 + 7*r**2 - 5*r**2 + 41*r - 4*r**2 + 4*r**2. Let z be g(-21). Is 6*(-7)/21*166/z a composite number?
False
Let t(x) = 113221*x + 36. Is t(1) prime?
False
Suppose 2*s - 4 = 3*z, 4*s = 15 + 5. Suppose -2*v - 20 = 3*v, -2*n = 2*v + z. Suppose n*h + 107 = 1454. Is h prime?
True
Is (-4)/11 - ((-405116)/22 + 5) prime?
False
Is (((-1)/(-1))/(-3))/(10/(-26610)) a composite number?
False
Let l = 29554 + -12512. Is l a prime number?
False
Let g(s) = 72*s**2 - 7*s - 45. Let o be g(-10). Let b = o - -180. Is b a prime number?
False
Let z(j) = -3*j**3 - 11*j**2 - 17*j - 2. Let i(q) = -q**3 + q**2 - q. Let y = -14 - -13. Let x(p) = y*z(p) + 2*i(p). Is x(-11) composite?
False
Let p(y) be the first derivative of y**2 - 36*y + 44. Let q be p(19). Suppose -5*d + 273 = -q*d. Is d prime?
False
Let p(v) = -2*v**3 - v. Let w be p(-1). Suppose w*c - 18952 = -3220. Is 2/(-9) + (c/27 - 3) a prime number?
True
Let n be (-14460)/6 + (-2 - (-2 - 3)). Let q = -510 - n. Is q a prime number?
False
Let h = 331 - 92. Let f(k) = 3*k**2 - 6*k + 3. Let d be f(3). Let c = d + h. Is c a prime number?
True
Let m be 5*(4 - (5 - 2)). Suppose -i + 35 = 2*v - 464, 4*v = -m*i + 989. Is 1 + v - 1/1 composite?
False
Is (47/3)/(29/(-87))*59/(-1) a prime number?
False
Let b = 533 + -569. Is 1/((-2)/3)*21288/b a composite number?
False
Let q = -5971 + 56654. Is q a composite number?
False
Let b(u) = -43*u**3 + 5*u**2 + 4*u + 30. Suppose -97 = 3*r - 85. Is b(r) composite?
True
Suppose 6*w - 4*w - 3*r = 1, -3*w - 2*r = -21. Suppose w*j + 10 = -0*j, -j + 4590 = 4*t. Suppose 5*b - t = b. Is b a prime number?
False
Let v(a) = 770*a**2 + 8*a + 1021. Is v(-28) prime?
True
Suppose 4*v + 7122 = -3*p, -4*p + 0*p - 9496 = 5*v. Let r = 705 - 